*q + 86. Let d be u(-4). Suppose 20 = -d*w + 5*w. Let g(j) = -2*j + 1. What is g(w)?
9
Let p(m) = -m**3 + 4*m**2 + 58*m + 19. Let d be p(10). Let b(t) = -45*t - 5. Calculate b(d).
40
Let w = -2563 + 2555. Let b(j) = -2*j**3 - 13*j**2 + 26*j + 6. Determine b(w).
-10
Suppose -18 = 75*g + 77 - 20. Let u(n) = -8*n - 2. Calculate u(g).
6
Suppose 84*g - 91*g + 28 = 0. Let s(m) = 11*m + 3. Let h(q) = -14*q - 2. Let t(p) = g*h(p) + 5*s(p). Determine t(4).
3
Let k(t) = -5*t**2 + 9*t - 7. Let n(s) = -s**2 + 1. Let m(i) = k(i) - 4*n(i). Let f be 12/2*(-3)/2*-1*1. Determine m(f).
-11
Let r(c) = c**3 + 6*c**2 + 9*c + 9. Suppose 23*i = 36*i + 3263. Let j = i + 246. What is r(j)?
-11
Suppose 3*p - 14 = -4*u, 8*p - 5*u + 20 = 13*p. Let g(h) be the third derivative of 7/6*h**3 - 9*h**p - 1/24*h**4 + 0 + 0*h. What is g(3)?
4
Let v(o) = -3*o + 9. Let x(z) = 7*z - 19. Let i(q) = -5*v(q) - 2*x(q). Suppose -4*p = 7*m - 2*m - 35, -2*m + 31 = 5*p. Calculate i(p).
-2
Let y(d) = 12*d - 14. Let u be y(6). Suppose 4*k - 26 = u. Let a = k + -18. Let m(w) = -w**2 + 2*w - 3. Calculate m(a).
-6
Let c(y) = -176 + 18 + 26 + y**2 + 40 + 3*y + 49. Determine c(5).
-3
Let y(x) = x**3 - 8*x**2 + 13*x - 4. Let u = 2016 + -2010. Give y(u).
2
Let j(b) = -119 + 8*b - 111 - b**3 + b**2 - 10*b**2 + 225. Determine j(-10).
15
Let s(z) = 8*z**3 - z**2 + 1. Suppose -4*h + 2 + 22 = 0. Suppose -3*l + 9 = h. Calculate s(l).
8
Let o(i) = -21*i**2 + 4*i - 124. Let d(n) = n**3 - 103*n**2 + 20*n - 623. Let k(h) = 2*d(h) - 11*o(h). Determine k(-13).
1
Let h(k) = 6*k + 58. Suppose -4 = 113*m - 225*m + 113*m. Determine h(m).
34
Let n(x) = -x**3 + 1 - x + 10*x + 3*x**2 + x - 5*x. Suppose -5*r + 29 = -3*w, 2*w = -3*w + r - 19. Let i = 1 - w. What is n(i)?
5
Let b(m) = m**2 + 1. Suppose -2*g + 3*g = -3*q + 19, -5*q + 37 = 3*g. Suppose -3*k = -3*p - 9, -2 = -k - 2*p + g. Suppose -k*s = 7*s - s. Determine b(s).
1
Let x = -27 + 33. Let s(b) = 14*b**3 + 37*b**2 + 6*b - 20. Let p(n) = 3*n**3 + 9*n**2 + n - 5. Let m(g) = 9*p(g) - 2*s(g). Calculate m(x).
13
Let g(c) = -4*c + 1. Suppose 6*z = 6 - 0. Suppose 6 = r + z. Suppose v + 15 = x + 3*x, r*x - 16 = 4*v. Give g(v).
-3
Let l(p) be the second derivative of -p**5/20 - 7*p**4/4 + 15*p**3/2 - 17*p**2/2 - 124*p. Let n be l(-23). Let h(w) = -2*w**2 + 8*w + 2. What is h(n)?
-22
Let p(q) = q**2 + 6*q - 3. Let r = 252 - 256. Let l(u) = -7*u - 34. Let h be l(r). Determine p(h).
-3
Let f(v) = -38762487 + 38762483 + 3*v + 0*v. Let i(b) = -b**2 + 2*b - 2. Let q be i(2). What is f(q)?
-10
Let v(f) = -5*f**2 - 207*f + 16. Let h(w) = -w**2 - 34*w. Let g(o) = 6*h(o) - v(o). Determine g(0).
-16
Let q(b) = -2*b**3 - 2*b**2 - 5*b + 5. Let k be q(0). Let m(d) = -11*d - 12. Determine m(k).
-67
Let r(d) be the second derivative of -d**4/24 + 2*d**3/3 + 135*d**2/2 + 2*d - 86. Let g(i) be the first derivative of r(i). Calculate g(0).
4
Let y(m) = -128*m + 7055. Let l be y(55). Let i(r) = -r**3 + 16*r**2 - 14*r + 31. What is i(l)?
46
Let h(p) = 5*p - 28. Let t be h(6). Let i(u) = -u**2 + 47 - 19 + t*u - 28. Calculate i(-2).
-8
Let i(n) = 1660*n - 17 + n**3 - 826*n - n**2 - 833*n. Let k = 4 + -4. Give i(k).
-17
Suppose 19*p = 40 - 154. Let h(x) = -x**3 - 9*x**2 + 8*x + 12. Let b(u) = -u**2 + 1. Let g(f) = 4*b(f) - h(f). Calculate g(p).
4
Let n(f) = -f**3 - 97*f**2 - 188*f + 187. Let v be n(-95). Let q(a) = -7*a**2 - 3*a - 1. Give q(v).
-55
Let y(o) = -o**3 - 8*o**2 - 5*o + 3. Suppose -2*m - 15 = 5*p, -p = 4*p + m + 15. Let z(h) = -8*h - 9. Let t be z(p). Let j be (-99)/t - (-2)/(-5). Give y(j).
-11
Let j(a) be the second derivative of -a**6/360 + a**5/20 - 5*a**4/3 - 69*a. Let n(p) be the third derivative of j(p). What is n(0)?
6
Let s(v) = -7*v**2 - 20*v. Let z(t) = t. Let h(g) = -s(g) - 2*z(g). Let j(o) = -8*o**2 - 19*o. Let x(p) = 7*h(p) + 6*j(p). Calculate x(-12).
0
Let u = -48 + 48. Suppose u = -3*g + 18 - 36. Let y(c) = 2*c**2 + 2*c**2 + 7 + 2*c**2 + c**3. Determine y(g).
7
Let m(s) = -11*s**3 - 8*s**2 - 16*s - 18. Let h(p) = 8*p**3 + 9*p**2 + 14*p + 19. Let x(r) = 4*h(r) + 3*m(r). Calculate x(13).
-43
Let d(l) = l**2 + 15*l + 10. Let v = 135 + -108. Suppose 0 = -v*j + 36*j + 99. Give d(j).
-34
Suppose -p - 11 = 4*o, 5*p + 29 - 49 = 5*o. Let k(i) = 56*i - p + 4 - 57*i. What is k(3)?
0
Let x be (6 - (22 - 23))*-1. Let n(w) = -3*w + 18. Determine n(x).
39
Let i(n) be the second derivative of n**8/1344 + n**7/1260 + n**6/720 - n**4/12 + 3*n**2/2 + 33*n. Let w(u) be the third derivative of i(u). Calculate w(-1).
-4
Let b be ((-41)/(-82))/(1/(-12)). Let r(v) = -19*v + 24. Let f(j) = 9*j - 11. Let p(d) = b*r(d) - 13*f(d). What is p(-6)?
17
Let a(y) = 2*y + 12. Let q = -211 - -246. Suppose 2*x = -o - 8, -2*o = -5*x + 3*o - q. What is a(x)?
2
Suppose 3*o + 3*a - 312 = 210, -5*o + 2*a + 870 = 0. Suppose -13*t + 16*t = o. Let i(c) = -106 - 2*c + 50 + t. Give i(-4).
10
Let q(h) be the second derivative of -h**4/12 - 3*h**3/2 - 8*h**2 + 2680*h + 1. What is q(-7)?
-2
Suppose 181*f - 186*f = 5*o + 110, 62 = -5*o + 3*f. Let z(y) = -y + 17. Give z(o).
33
Let s(z) = -90*z - 989. Let x be s(-11). Let t(w) = -3 - 3*w**3 - 8 + 9 + w. Calculate t(x).
-4
Let w be -6 - (57 + 6)/(-7). Let a(d) = -5 + 7 - 5*d - 2. What is a(w)?
-15
Let r(x) = 2*x**2 + 69*x - 6. Let p(h) = -3*h**2 - 162*h + 13. Let g(s) = 3*p(s) + 7*r(s). Determine g(-1).
5
Let n be 102/2 - (4 + -1). Let m = n - 30. Let a(d) = m + 26 - 3*d - 43. Calculate a(-1).
4
Let r(i) = -i**3 + 4*i**2 - 2. Let p be -2 + (-21)/12*(0 + -4). Suppose 9 = -g - p*t - 0, 0 = -4*g + 5*t + 64. Let d = -8 + g. Give r(d).
7
Let u(d) = -1390 - 2*d + 4173 - 1387 - 1392 + d**3 - 3*d**2. Calculate u(2).
-4
Let q be 0*(-12 - 175/(-15)). Let y(m) be the third derivative of q*m + 0 - 5/6*m**3 - 7*m**2 + 1/60*m**5 + 1/6*m**4. What is y(-4)?
-5
Let b(v) = v**2 - 3*v - 2. Let h(z) = 2*z**2 - 7*z - 12. Let l(m) = -3*b(m) + h(m). Let c be l(2). Let g(a) = 3*a + 9. Determine g(c).
-9
Let y(t) = 837*t**2 + 793*t**2 + 0 + 897*t**2 + t - 2423*t**2 + 1. Calculate y(-1).
104
Let b(k) = -11*k - 29 - 3 - 6. Let u(o) = -5*o - 17. Let t(c) = 6*b(c) - 14*u(c). What is t(-4)?
-6
Let l(r) be the third derivative of r**6/180 + 13*r**5/120 + r**4/2 + 113*r**3/3 - 103*r**2. Let h(w) be the first derivative of l(w). What is h(-8)?
36
Let d(c) = -9*c**2 - 8*c - 16. Let s(f) = -6*f**2 - 8*f + 1. Let k(m) = -d(m) + 2*s(m). Give k(-8).
-110
Let r(d) = d**3 - 9*d**2 + 12*d - 103. Let h be 0 - 2 - (-7 - (-6 - (-9 - 1))). Determine r(h).
5
Suppose -52 = t + 3*t. Let d(k) = -17*k + 5. Let g(q) = 20*q - 66 + 112 - 51. Let i(c) = -7*d(c) - 6*g(c). What is i(t)?
8
Let q = -55 + 58. Let u(o) = 5*o**2 + 11 - 6*o + 6 + 2*o - 15 - o**q. Suppose 0 = -3*i - f + 17, -2*f - 3*f + 5 = -5*i. What is u(i)?
2
Let w(s) be the first derivative of s**4/4 + 2*s**3 - 17*s**2/2 - 23*s + 3424. Give w(-8).
-15
Let h(k) = 11*k**3 + 32*k**2 - 19*k + 26. Let s(w) = 24*w**3 + 67*w**2 - 39*w + 52. Let z(j) = -13*h(j) + 6*s(j). What is z(13)?
-26
Let d(o) = -10*o**3 + 43*o**2 - 17*o + 43. Let k(f) = 11*f**3 - 44*f**2 + 19*f - 45. Let h(m) = -8*d(m) - 7*k(m). Determine h(12).
7
Suppose 61*g = 68*g + 21. Let l(o) = o**3 - 3*o**2 - 2*o - 1. What is l(g)?
-49
Let i(k) = 5*k - 52. Let l = 14894 - 14875. Give i(l).
43
Let v(p) = -p**2 - 5*p + 1. Suppose -5*k - 50 = -9*l + 4*l, 5*k - 4*l = -51. Let o be (-2)/k - 159/(-33). Suppose 5 = 6*h - o*h, 7 = 2*n + 3*h. Calculate v(n).
5
Let a(w) = -113*w - 5. Let t(p) = 151*p + 5. Let n(i) = 4*a(i) + 3*t(i). Give n(-10).
-15
Let p(f) = -39*f + 4. Let z(c) = 73*c. Let v(a) = 15*p(a) + 8*z(a). Give v(33).
27
Let d be 4/(-2)*(-1)/2. Let w(t) = -28*t + 105*t - 19*t + 2 - 29*t - 21*t - 1. What is w(d)?
9
Let z(u) = u**3 - 9*u**2 + u. Let g = -530 + 537. Let x(o) = -2*o**3 + 18*o**2 - 2*o. Let b(y) = g*z(y) + 3*x(y). Calculate b(9).
9
Let m(k) = -k**3 + 4*k**2 - 6*k - 7. Let u be 8/(-60) + (-6696)/(-1620). What is m(u)?
-31
Let o(c) = -c**2 + 9*c - 9. Let m = 60 + -53. Let r be o(m). Let q(l) = -2*l. Let d(a) = 3*a - 1. Let k(p) = -3*d(p) - 5*q(p). Calculate k(r).
8
Suppose -19*n = 3*n - 462. Suppose -n*a = 7*a + 9*a. Let k(d) = -d**2 - d + 16. Give k(a).
16
Let d(n) = 184*n**2 - 2*n + 191*n**2 + 183*n**2 - 737*n**2 + n**3 - 20 + 191*n**2. Calculate d(-12).
4
Let v be (-5)/(-1 + 0) + 8 + -7.